f w and 150.
25
Suppose 5*n - 5*x - 90 = 0, 20*n - 22 = 19*n + 3*x. What is the highest common divisor of 6176 and n?
16
Let b(r) = 156*r + 1162. Let y be b(-7). Calculate the greatest common factor of y and 7140.
70
Let k be 3*(-2 - (-54)/(-6)). Let g be (-154)/k - 3/(-9). Calculate the highest common divisor of 5 and g.
5
Let m = -24 + 28. Let z(p) = -8*p + 6 - 5*p**2 + 4*p**2 + 14*p. Let c be z(6). Calculate the greatest common factor of c and m.
2
Let t be ((-171)/6)/((-3)/(-6))*(-86)/3. What is the highest common divisor of t and 38?
38
Let f(k) = 191*k - 19474. Let g be f(102). Calculate the greatest common factor of g and 2488.
8
Let c = 88 - 24. Suppose s + 2*v - 27 = -v, -v = -3*s + 61. Suppose -2*r = 0, -2*t + 2*r - 5 = -s. Calculate the highest common divisor of c and t.
8
Let h = 145 - 77. Calculate the greatest common divisor of 510 and h.
34
Suppose 433430 = 86*m + 8504. Calculate the highest common factor of 122 and m.
61
Suppose -2*g - 28 = 4*b + 50, 0 = -4*b - 3*g - 77. Let h be 14*(-2 + b/(-8)). Let j be (-174)/(-14) + (-3)/h. What is the greatest common divisor of 30 and j?
6
Let n be 11 - 7 - (-2 + (3 - 1)). Let j(w) = -w**3 - 11*w**2 - 28*w - 28. Let i be j(-8). Calculate the highest common factor of i and n.
4
Let q = -24 + -2. Let y = q + 36. What is the greatest common factor of 170 and y?
10
Let l = 5765 - 2526. Calculate the greatest common divisor of 237 and l.
79
Suppose -8*n + 5*n = -63. Let t be -7*3*(-28)/n. Calculate the highest common divisor of 98 and t.
14
Let j = -144 - -299. Let k = 103890 - 103885. What is the highest common factor of j and k?
5
Let r(b) = 8*b**2 + 79*b - 157. Let a be r(2). What is the highest common divisor of a and 759?
33
Suppose -28*t + 111 = 9*t. Suppose 0 = t*z + 6, -2*r = 3*r + z - 43. Calculate the highest common divisor of 12 and r.
3
Let d be (-3)/(0 + (-6)/10). Suppose -20*z + 117 = 37. Suppose -d*b = -2*h + 45, 0 = z*h - b - b - 50. Calculate the greatest common divisor of 10 and h.
10
Let p(m) = -m + 26. Let w be p(12). Let a be ((-1)/3)/(((-126)/405)/w). What is the highest common factor of 25 and a?
5
Let m be 290/(3 - 4)*-11*28/154. What is the greatest common factor of 12615 and m?
145
Let f(p) = 331*p**2 - 7*p - 9. Let n be f(-1). Calculate the highest common factor of 94 and n.
47
Let n be (-18)/(18/13) + 3281. What is the greatest common factor of 304 and n?
76
Suppose 0 = -q + v + 357, 8*v = 10*q - 11*q + 411. Calculate the greatest common factor of q and 5929.
121
Let m(h) = -120*h - 450. Let r be m(-6). Suppose -5*u = -0*u - 15, -2*u = -4*k + 474. Calculate the greatest common factor of k and r.
30
Let x be (-16)/32*(-24)/2. Let d be x/(-38)*-45 + 50/(-475). Calculate the highest common divisor of d and 14.
7
Suppose 0 = -0*h - 2*h - 2*h, 5*k + h - 8890 = 0. What is the greatest common factor of k and 14?
14
Suppose 0 = 6*d - 3*d - 3*w, 0 = 4*d - 5*w + 5. Suppose -d*h + 346 = 126. What is the greatest common factor of h and 308?
44
Let m(w) be the second derivative of w**4/4 + 3*w**3/2 - 10*w**2 - w + 269. Let v be m(-11). What is the greatest common factor of 427 and v?
61
Suppose -16895 + 259151 = 392*a. What is the highest common divisor of a and 15?
3
Let i be (5/(-30) - 16795/(-150)) + 6/30. Suppose 5*x - 6 = 344. Calculate the highest common divisor of i and x.
14
Suppose -4*v - 5*d = -385, 68*d - 105 = 83*d. Let g(y) = y**3 - 4*y**2 + 2*y - 5. Let f be g(5). Calculate the highest common divisor of v and f.
15
Let z be 11 - (-6)/(-2 - 0). Suppose -3*j = -4*b + 48, 0 = 4*b - 4*j - z - 40. What is the greatest common divisor of 108 and b?
12
Let f be -1*(5 + -4)*(43 - 120). What is the greatest common factor of 55 and f?
11
Suppose 0 = -8*k + 849 - 145. Suppose -10*j + k + 1892 = 0. What is the greatest common factor of 36 and j?
18
Let t(b) = -6*b**3 - 3*b + 4*b - 6 + 2*b**3. Let o be t(-2). Let f = o - 4. What is the greatest common factor of f and 30?
10
Suppose -8*r + 9*r - 3*y = 24, -2*r + 3*y + 45 = 0. Let h = -14 - 6. Let k = r - h. What is the greatest common factor of 123 and k?
41
Let y = -184 + 158. Let v be y*(-1)/2*(-47 + 48). Suppose -5*q + 44 + 21 = 0. Calculate the highest common divisor of q and v.
13
Let g be 36056/22 - (45/(-253) - 70/(-805)). What is the greatest common divisor of 77 and g?
11
Suppose -69 = -5*v + 146. Suppose -3*c + 19 = a, -5*a = -4*a - 5*c - v. What is the highest common factor of a and 364?
28
Let h be (24/20)/((-9)/60). Let t(a) = a + 42. Let d be t(h). Calculate the highest common divisor of 3 and d.
1
Let a(f) = 5*f**3 - f**2 - 5*f + 3. Let v be a(3). Let t = -66 + v. Let b be (6/(-7))/((-5)/35). Calculate the greatest common divisor of b and t.
6
Suppose 4*c = 9*c. Let t = c + 31. What is the greatest common divisor of 31 and t?
31
Suppose 4*l - 2747 = -l + 5983. Calculate the greatest common divisor of 54 and l.
18
Let l(a) = a**3 - 38*a**2 + 34*a + 111. Let k be l(37). Suppose 0 = 5*b - 2*h - 78, k = 3*b + 2*b - 5*h - 90. What is the highest common factor of b and 322?
14
Let s(x) = 56*x**2 + 2*x - 1. Let p be s(1). Let r = 134 + 10. Let u = r + -125. Calculate the highest common divisor of p and u.
19
Suppose 4*o - 35 = -19. Suppose -3*s + 23 + 9 = o*h, 5*s + 5 = 5*h. Suppose -s*i + 6 = -26. What is the greatest common divisor of i and 104?
8
Let o(m) = 6*m**2 - 509*m - 686. Let l be o(91). What is the greatest common factor of l and 77?
7
Suppose 28*x + 1955 = 20*x + 13*x. Calculate the greatest common factor of x and 299.
23
Let y be (-35 - -42)/(0 + 3/15). What is the highest common divisor of y and 1505?
35
Suppose 30*j = 29*j + 4. Suppose 4*a - 2*r = -r + 123, -j*a + 120 = -4*r. What is the greatest common factor of a and 279?
31
Let d(u) = 38 - 23*u - 34*u**2 + 33*u**2 - 48. Let y be d(-18). Calculate the highest common divisor of y and 112.
16
Suppose -268*r + 127*r = -2538. Calculate the highest common factor of r and 5625.
9
Suppose -2*p = 2*d - 2324, -2*d - 564 = -3*p - 2878. Suppose d = 5*k - 0*k - 5*t, 223 = k - 4*t. Calculate the greatest common factor of k and 5.
5
Suppose 6*r - 2 = -14. Let c be ((-7)/2)/(r*3/300). Calculate the highest common divisor of c and 70.
35
Suppose 5*m - 25*m + 6400 = 0. Suppose -2*b + 66 = 2*z, 7*z - 4*b + 164 = 12*z. Calculate the highest common factor of m and z.
32
Let p(r) be the first derivative of -r**4/4 + 10*r**3 + 69*r**2/2 + 43*r + 48. Let h be p(32). What is the greatest common factor of 14 and h?
7
Suppose 80*l - 49146 = -51*l - 1986. Calculate the greatest common factor of 390 and l.
30
Let h = 35 - 1. Suppose -23*b + 28*b = 3430. Suppose -4*q + 3*y = -b, -3*y = -q + 102 + 74. Calculate the greatest common factor of h and q.
34
Let a(r) = 3*r + 147. Let j be a(-32). Calculate the highest common factor of 136 and j.
17
Let u be (-20)/20 - (-110 + 2/2). Let t = -97 + u. Let c(s) = -s**2 + 14*s - 21. Let n be c(t). Calculate the highest common divisor of n and 4.
4
Let n = -22897 + 23045. Calculate the highest common factor of 396 and n.
4
Let l = -18 + 14. Let d be (l + 6/9)*-57*2. What is the highest common divisor of d and 20?
20
Suppose 5 = 5*j, -2*k + 29 = 5*j - 248. Calculate the greatest common divisor of 17 and k.
17
Suppose 0 = 7*z - 5*z - 864. Let h be z/10 - 60/50. Calculate the greatest common divisor of 105 and h.
21
Let g(k) = -2*k - 7. Let t be g(7). Let v(a) = -4*a**2 - 73*a - 241. Let m be v(-5). Let b = m + t. Calculate the greatest common divisor of 33 and b.
3
Let f(z) = -48*z**2 - z + 2. Let v be f(1). Let m = -23 - v. Let r = 600 + -552. Calculate the greatest common factor of r and m.
24
Suppose 147*h - 145*h = 204. Suppose 6*c - 1012 = 338. Let o = c - 157. Calculate the highest common divisor of h and o.
34
Let p = -1889 - -1334. Let v = -500 - p. Calculate the greatest common divisor of 715 and v.
55
Let r be (-247*2/(-76))/(((-3)/142)/(-3)). What is the highest common divisor of 568 and r?
71
Suppose -2*j = -y + 20, -j = 12*y - 9*y - 11. Calculate the highest common divisor of 15126 and y.
6
Let x(h) = 250*h - 7. Let i be x(2). Let p = -464 + i. Let d be 57 - (2 - (1 + 2)). Calculate the highest common divisor of p and d.
29
Suppose 2*a = -y + 466, 6*y + 1874 = 10*y + 3*a. Calculate the highest common factor of y and 10.
10
Let h b